dreds digit of 1136?
1
What is the ten thousands digit of 192206?
9
What is the thousands digit of 4299?
4
What is the units digit of 60461?
1
What is the thousands digit of 5150?
5
What is the thousands digit of 18300?
8
What is the thousands digit of 16407?
6
What is the thousands digit of 33754?
3
What is the thousands digit of 36919?
6
What is the tens digit of 18610?
1
What is the ten thousands digit of 57950?
5
What is the tens digit of 2188?
8
What is the ten thousands digit of 38935?
3
What is the hundreds digit of 1186?
1
What is the thousands digit of 70517?
0
What is the ten thousands digit of 17875?
1
What is the hundreds digit of 588?
5
What is the tens digit of 645?
4
What is the units digit of 40494?
4
What is the units digit of 605?
5
What is the units digit of 1080?
0
What is the hundreds digit of 10704?
7
What is the units digit of 3338?
8
What is the units digit of 16634?
4
What is the ten thousands digit of 21131?
2
What is the units digit of 1653?
3
What is the hundreds digit of 596?
5
What is the tens digit of 29?
2
What is the units digit of 6767?
7
What is the thousands digit of 5029?
5
What is the thousands digit of 5431?
5
What is the units digit of 3744?
4
What is the units digit of 7848?
8
What is the ten thousands digit of 62126?
6
What is the ten thousands digit of 18838?
1
What is the thousands digit of 4944?
4
What is the tens digit of 225?
2
What is the units digit of 106?
6
What is the tens digit of 140?
4
What is the units digit of 49172?
2
What is the thousands digit of 6856?
6
What is the tens digit of 956?
5
What is the tens digit of 9591?
9
What is the hundreds digit of 3160?
1
What is the tens digit of 837?
3
What is the hundreds digit of 4491?
4
What is the thousands digit of 2224?
2
What is the thousands digit of 4411?
4
What is the units digit of 346?
6
What is the ten thousands digit of 15091?
1
What is the units digit of 90438?
8
What is the ten thousands digit of 40578?
4
What is the tens digit of 57?
5
What is the units digit of 7403?
3
What is the tens digit of 581?
8
What is the units digit of 8119?
9
What is the tens digit of 1670?
7
What is the units digit of 143157?
7
What is the thousands digit of 8320?
8
What is the units digit of 46058?
8
What is the tens digit of 2457?
5
What is the units digit of 1355?
5
What is the tens digit of 6508?
0
What is the hundreds digit of 477?
4
What is the units digit of 3303?
3
What is the tens digit of 6985?
8
What is the tens digit of 30379?
7
What is the units digit of 394?
4
What is the units digit of 1430?
0
What is the tens digit of 1877?
7
What is the tens digit of 55005?
0
What is the hundreds digit of 1475?
4
What is the tens digit of 2442?
4
What is the units digit of 297?
7
What is the tens digit of 5201?
0
What is the hundreds digit of 1176?
1
What is the hundreds digit of 3920?
9
What is the tens digit of 10694?
9
What is the units digit of 8034?
4
What is the thousands digit of 9271?
9
What is the thousands digit of 10788?
0
What is the hundreds digit of 107794?
7
What is the thousands digit of 1479?
1
What is the units digit of 1883?
3
What is the units digit of 6642?
2
What is the ten thousands digit of 24092?
2
What is the hundreds digit of 1230?
2
What is the hundred thousands digit of 140713?
1
What is the tens digit of 8077?
7
What is the ten thousands digit of 14417?
1
What is the units digit of 261?
1
What is the units digit of 2757?
7
What is the units digit of 1971?
1
What is the thousands digit of 1022?
1
What is the hundreds digit of 601?
6
What is the units digit of 12315?
5
What is the units digit of 1312?
2
What is the tens digit of 1399?
9
What is the units digit of 4552?
2
What is the thousands digit of 1104?
1
What is the hundreds digit of 33302?
3
What is the tens digit of 4961?
6
What is the hundreds digit of 12599?
5
What is the hundreds digit of 12857?
8
What is the ten thousands digit of 54514?
5
What is the tens digit of 120626?
2
What is the tens digit of 5791?
9
What is the ten thousands digit of 22235?
2
What is the hundreds digit of 6169?
1
What is the thousands digit of 1117?
1
What is the units digit of 64211?
1
What is the tens digit of 6630?
3
What is the tens digit of 20025?
2
What is the thousands digit of 25427?
5
What is the tens digit of 14789?
8
What is the units digit of 140849?
9
What is the tens digit of 706?
0
What is the hundreds digit of 165694?
6
What is the hundreds digit of 13407?
4
What is the tens digit of 578?
7
What is the tens digit of 644?
4
What is the tens digit of 15224?
2
What is the hundreds digit of 9412?
4
What is the hundreds digit of 399?
3
What is the hundreds digit of 187?
1
What is the tens digit of 321?
2
What is the hundreds digit of 13205?
2
What is the ten thousands digit of 63772?
6
What is the units digit of 420?
0
What is the thousands digit of 17910?
7
What is the hundreds digit of 5747?
7
What is the units digit of 1617?
7
What is the ten thousands digit of 14129?
1
What is the tens digit of 1884?
8
What is the hundreds digit of 10960?
9
What is the hundreds digit of 655?
6
What is the hundreds digit of 865?
8
What is the units digit of 14998?
8
What is the tens digit of 7263?
6
What is the thousands digit of 61306?
1
What is the thousands digit of 2667?
2
What is the thousands digit of 1546?
1
What is the units digit of 5994?
4
What is the units digit of 781?
1
What is the units digit of 68?
8
What is the thousands digit of 1227?
1
What is the tens digit of 69101?
0
What is the thousands digit of 102166?
2
What is the units digit of 2047?
7
What is the units digit of 245?
5
What is the thousands digit of 25650?
5
What is the units digit of 10552?
2
What is the hundreds digit of 6105?
1
What is the tens digit of 2932?
3
What is the tens digit of 46824?
2
What is the hundreds digit of 113872?
8
What is the hundreds digit of 2607?
6
What is the thousands digit of 4211?
4
What is the hundreds digit of 6914?
9
What is the hundreds digit of 156760?
7
What is the thousands digit of 9084?
9
What is the ten thousands digit of 13330?
1
What is the hundreds digit of 433?
4
What is the thousands digit of 1342?
1
What is the hundreds digit of 2222?
2
What is the units digit of 46375?
5
What is the units digit of 892?
2
What is the units digit of 3299?
9
What is the units digit of 137?
7
What is the hundreds digit of 262?
2
What is the hundreds digit of 7218?
2
What is the tens digit of 608?
0
What is the hundreds digit of 763?
7
What is the units digit of 13429?
9
What is the hundreds digit of 1738?
7
What is the units digit of 325?
5
What is the tens digit of 21686?
8
What is the hundreds digit of 6507?
5
What is the tens digit of 712?
1
What is the thousands digit of 9289?
9
What is the hundreds digit of 8576?
5
What is the thousands digit of 4179?
4
What is the thousands digit of 4017?
4
What is the units digit of 4686?
6
What is the hundreds digit of 304?
3
What is the hundreds digit of 6178?
1
What is the tens digit of 1935?
3
What is the thousands digit of 4472?
4
What is the units digit of 12838?
8
What is the units digit of 2264?
4
What is the hundreds digit of 26333?
3
What is the tens digit of 958?
5
What is the hundreds digit of 12300?
3
What is the thousands digit of 5031?
5
What is the thousands digit of 3911?
3
What is the thousands digit of 1525?
1
What is the hundreds digit of 370?
3
What is the units digit of 1891?
1
What is the thousands digit of 2156?
2
What is the hundred thousands digit of 124155?
1
What is the hundreds digit of 11012?
0
What is the thousands digit of 10516?
0
What is the hundreds digit of 1231?
2
What is the hundreds digit of 80948?
9
What is the units digit of 62387?
7
What is the units digit of 9095?
5
What is the thousands digit of 76610?
6
What is the hundreds digit of 997?
9
What is the tens digit of 1041?
4
What is the units digit of 6521?
1
What is the tens digit of 887?
8
What is the hundreds digit of 551?
5
What is the units digit of 2255?
5
What is the thousands digit of 8479?
8
What is the thousands digit of 14292?
4
What is the hundreds digit of 1276?
2
What is the ten thousands digit of 56284?
5
What is the thousands digit of 4153?
4
What is the units digit of 599?
9
What is the tens digit of 7832?
3
What is the units digit of